rime factors of t?
2, 7
Let q(j) = -3*j - 9. Let d be q(-5). Suppose -d*i + 7*i = 26. What are the prime factors of i?
2, 13
Let y = -34 + 82. List the prime factors of y.
2, 3
What are the prime factors of 31 + ((-6)/(-2) - 0)?
2, 17
Let q(c) = -13*c + 1. Let x(n) = -n + 5. Let s be x(6). Let a be ((-6)/(-3) + s)/(-1). What are the prime factors of q(a)?
2, 7
Suppose 0 = 3*c - 4 + 13. Let h be c*1 - -1 - -4. Suppose 6 = 5*o - o - 2*m, 2 = h*m. What are the prime factors of o?
2
Let i = 10 - 9. Suppose w - 6 = -i. List the prime factors of w.
5
Let v = 4 + -2. Suppose v*z = -3*z + 15. Suppose 5 = z*d - 4. What are the prime factors of d?
3
Suppose -7*q + 4*i = -2*q + 33, -q - 3*i = -1. Let j = -3 - q. Suppose 0 = 4*u - 6*u + 4*v + 30, -j*u - 3*v = 5. What are the prime factors of u?
5
Let k(b) be the third derivative of b**5/60 - 7*b**4/24 - 13*b**3/6 + 3*b**2. What are the prime factors of k(9)?
5
Suppose -5*u + 125 = 2*a, 0*a - 4*a = -3*u - 211. What are the prime factors of a?
5, 11
Let n = -241 + 363. What are the prime factors of n?
2, 61
List the prime factors of 112/((-6)/(-3)) - 4.
2, 13
Let m(c) = -c**2 - 15*c - 16. List the prime factors of m(-11).
2, 7
Suppose 0 = 4*s - 5*s - 4*k - 5, 0 = 3*s - 3*k - 15. Let y = 1 + s. Let i = 6 - y. List the prime factors of i.
2
List the prime factors of 1*(-2)/(8/(-164)).
41
Suppose 5*f - 4*f = -10. Let w = f + 12. Suppose -d - 7 = w*i - 32, i - 7 = 5*d. What are the prime factors of i?
2, 3
Suppose -2*h = -5*s + 5 - 1, s + 9 = -h. List the prime factors of (10/(-8))/(h/168).
2, 3, 5
Let s be (-4)/(-12) - 14/(-3). Suppose 57 + 138 = -s*b. Let y = -23 - b. What are the prime factors of y?
2
Let a = 1 + 0. Suppose 5*w + 10 - 5 = 0. List the prime factors of 1*w - (-4 + a).
2
Let v = 97 - 28. Suppose 3*y - 53 = -3*h + 1, 0 = -4*y - 3*h + v. List the prime factors of y.
3, 5
Suppose -5*y - 3*u + 135 = 0, 0*u = -3*y + 4*u + 110. What are the prime factors of y?
2, 3, 5
Let i(t) = 3*t**3 - t**2 - t + 2. Let m be i(2). Suppose -3*a = -13 - m. Suppose 5*h - a = 9. What are the prime factors of h?
2
Let z = -1 + 11. Suppose -s = -4 + 2. Suppose -2 = s*g - z. List the prime factors of g.
2
Let a(p) = p**2 + 4*p. Let s be a(-6). What are the prime factors of ((-1)/1)/(-1) + s?
13
Let w be ((-18)/(-4))/(1/6). Let g = w - 7. Suppose 2*z = 6*z - g. What are the prime factors of z?
5
Let g be (17/(-3))/(2/(-12)). Let p = 11 + 4. List the prime factors of g/10 - (-9)/p.
2
Let x be 1 + -2*1/(-2). Let a(q) = -3*q - 3*q + 5*q + 2*q. What are the prime factors of a(x)?
2
Let f(z) be the third derivative of -2/15*z**5 + 2*z**2 + 0 + 0*z + 1/3*z**4 - 1/120*z**6 - 7/6*z**3. What are the prime factors of f(-9)?
2
Suppose -2*d - a - 3 = 0, -4*d = -2*a - 3*a - 15. Let g = d - -6. What are the prime factors of g?
2, 3
Suppose 3*r + 2*r - 205 = 0. Let c = -23 + r. What are the prime factors of c?
2, 3
Let x = -14 - -38. Suppose -x = -u + 1. What are the prime factors of u?
5
Let j be (6/4)/(3/24). Suppose 3*z + z + j = 0. What are the prime factors of (z + 1)*21/(-6)?
7
Suppose 4*v = -l + 62, -4*v - 6 = -l - 64. What are the prime factors of v?
3, 5
What are the prime factors of (-12943)/(-35) + 4/20?
2, 5, 37
Let i(o) = -2 + 3*o**3 + 0*o + 0*o + 7*o**2 + 2*o - 2*o**3. Let t be i(-6). Suppose 5*w - 8 - t = 0. What are the prime factors of w?
2, 3
Let a be 2 - 5/((-15)/6). Suppose -y = -2*j - 5*y + 24, -72 = -4*j + a*y. Suppose 4*k = 4*f, -6*f + j = -3*f + 5*k. What are the prime factors of f?
2
Suppose -3*l + 2*o = -l, 2*o = -4*l + 24. What are the prime factors of (-4)/(7/l - 2)?
2
Suppose 0*r - 2*r = -2*a + 32, a = 3*r + 18. Suppose 16 = 5*i - i. Suppose a = 5*w - i*w. List the prime factors of w.
3, 5
Let h be 6*(-3)/(-6)*-1. Let l be 1 + (5 + h - 0). Suppose l*o + 0*o - 42 = 0. List the prime factors of o.
2, 7
What are the prime factors of (4/6)/((-4)/(-750))?
5
Suppose -5*a + 12 = 2. List the prime factors of (-1 + a)/(-1)*-5.
5
Let f(p) = p**3 - 6*p**2 + 11. Let w(o) = -o**3 + 7*o**2 - o - 12. Let c(n) = 6*f(n) + 5*w(n). List the prime factors of c(4).
2, 17
List the prime factors of 4086/21 + (-36)/63.
2, 97
Let y = 21 - -37. Suppose -2*o + 4*q + 36 = 0, 5*o - 5*q = -3*q + y. Let t = -3 + o. List the prime factors of t.
7
Suppose s + 1 = -1. List the prime factors of -3*s/6*14.
2, 7
Suppose h = -4*h. Suppose -2*z + 0*z + 2*s + 46 = h, 26 = z + 2*s. Let v = -12 + z. What are the prime factors of v?
2, 3
Suppose f - 8 = -4. Suppose 0 = -5*i + f + 1. What are the prime factors of ((-6)/4)/(i/(-2))?
3
Let v(x) = -x**3 - 4*x**2 + 4. Let h be v(-3). What are the prime factors of (-33)/h - 10/(-25)?
7
Let l = -15 - -19. Suppose 5*j + 0*g = 3*g + 137, -66 = -2*j + l*g. List the prime factors of j.
5
Suppose 2*x + 2*d - 58 = 0, -2*x = 3*x + d - 125. What are the prime factors of x?
2, 3
Let n = 9 - 7. Suppose -n*s + 5 = 1. What are the prime factors of s?
2
Let z(k) = -7*k - 1. List the prime factors of z(-1).
2, 3
List the prime factors of 2034/24 - 1/4*-1.
5, 17
Let l be (-2)/7 - (-65)/7. Let v = l + -5. Suppose m - v*x - 4 = -0*x, 0 = m + x - 14. List the prime factors of m.
2, 3
Let o = 34 + 1. List the prime factors of o.
5, 7
Let r = 3 + 3. Let x = 15 - r. List the prime factors of x.
3
Suppose -8 = 5*l + 5*y - 38, 12 = 5*l - y. Suppose -3*m + 18 - 3 = 0. Let n = m - l. What are the prime factors of n?
2
Let f be 12/(-7) - 12/42. List the prime factors of (9/(-2))/(f/20).
3, 5
Suppose 0 = -2*t + 2 + 2. Let w(f) = -2*f + 8. Let s be w(4). Suppose s*x = -t*x + 22. What are the prime factors of x?
11
Let x(d) = -d**3 + 10*d**2 - 8*d - 9. Let l be x(9). Let p = 21 - 6. Suppose 4*o - 1 - p = l. List the prime factors of o.
2
Let m(c) = c + 9. What are the prime factors of m(-4)?
5
Suppose 2*b + 10 = 4*b. Suppose b*q - 21 - 9 = 0. List the prime factors of q.
2, 3
Let i(o) = -6*o**3 - o**2 + o. What are the prime factors of i(-2)?
2, 3, 7
Suppose 6*w - 36 = 5*w. List the prime factors of w.
2, 3
Let m(h) = -2*h - 3. Let p be m(-3). Let z(j) = 5*j - 7. Let k(f) = -4*f + 6. Let n(c) = 6*k(c) + 5*z(c). What are the prime factors of n(p)?
2
Suppose 5*j - 61 = -11. Let t(y) = -9*y + j*y - 6 + 2. List the prime factors of t(10).
2, 3
What are the prime factors of ((-16)/(-3))/(9*6/3321)?
2, 41
Suppose 3*x - 16 - 17 = 0. Suppose 2*n + x = 41. What are the prime factors of n?
3, 5
Let b(m) = 3*m + 39. List the prime factors of b(17).
2, 3, 5
Let m = 24 - -8. Let s = m + -17. Suppose -3*d + s = 2*d. What are the prime factors of d?
3
Suppose w - 3 - 1 = 0. Suppose -12 = m + 5*d, w*d + 24 = -2*m + 3*m. What are the prime factors of (-2)/6*m*-3?
2
Let l(a) be the first derivative of -a**4/4 + 8*a**3/3 + a**2/2 - 8*a - 1. Let y be l(8). List the prime factors of 10*1 + (y - -1).
11
Let p(a) = 8*a**2 - 2*a - 7. List the prime factors of p(3).
59
Let t = -13 + 18. What are the prime factors of t?
5
Suppose q + 1 = 13. Let g be (q/(-10))/((-4)/10). Suppose 0 = -g*d - 3, -3*a + 3*d - 2 = -4*a. List the prime factors of a.
5
Let u(g) = -2*g**3 - 2*g**2 - 2*g - 2. Let h(i) = -i + 2. Let o be h(-3). Suppose 2*w = 4*s + 8, -4*w = -5*s - o*w - 10. List the prime factors of u(s).
2, 5
Suppose -2*a - 13 = -79. Suppose j = 4*j - a. List the prime factors of j.
11
Suppose -45 = j - 154. List the prime factors of j.
109
What are the prime factors of (4 + -158 + 4)*(-1)/1?
2, 3, 5
Let l(j) = -5*j - j**2 + 0*j**2 + 11*j - 4. Let y be l(3). Suppose 4*v + n - 28 = 0, -6*v + v + 50 = y*n. List the prime factors of v.
2, 3
Let k = -13 + 18. Let s = k - -1. List the prime factors of s.
2, 3
Let c(r) = 2*r**2 - r - 1. List the prime factors of c(-1).
2
Let s = 16 + -6. What are the prime factors of s?
2, 5
Suppose -4*d = 5*i - 348, -5*i + 172 = 2*d - 3*i. List the prime factors of d.
2, 41
Suppose 26*j - 29*j + 624 = 0. What are the prime factors of j?
2, 13
Suppose 44 = 4*m + 12. Suppose m = -2*d - 4*z + 34, 2*d - 16 = z. What are the prime factors of d?
3
Suppose -832 = -2*s - 2*s. List the prime factors of s.
2, 13
Suppose -5*t + 150 = 4*l, t + 3*t - 119 = -3*l. List the prime factors of t.
2, 13
Suppose -4*f = -i + 21, -3*f - 6 = -2*i - 4*f. Suppose -5*h - 25 = -2*a - 0*a, -i = -4*a - 5*h. What are the prime factors of a?
5
Let h(o) = o - 2. Let q(d